ided by (u - -6) + (4 - -9).
14
Suppose 2*x - 10 = -2*l, 0 = 3*x + 4*l - 10 - 9. What is the remainder when 3 is divided by x?
0
Suppose 3*k = i + 25, k + 5 = -2*i + 25. Let j(p) = -p**3 + 10*p**2 + 5*p + 7. What is the remainder when j(k) is divided by 15?
12
Let u(s) = -35*s**2 - 3*s - 2. Let h be u(-2). Let z = h + 200. Let p = -32 + z. Calculate the remainder when p is divided by 17.
15
Let l(k) = 7*k + 13. Calculate the remainder when l(6) is divided by 14.
13
Let j(z) = -3*z - 14. What is the remainder when j(-10) is divided by 10?
6
Let b be ((-12)/8)/(1/2). Calculate the remainder when 42 is divided by (-399)/(-28) - b/4.
12
Suppose -5*v - 124 = -2*o, 0 = -4*o - 2*v + 95 + 105. What is the remainder when 29 is divided by (-212)/(-26) - 8/o?
5
Let v(c) = -12*c + 1. Let k(h) = -h + 9. Let z be k(7). Suppose 5*i - 38 = -p, z*i = 3*p - 3*i - 14. What is the remainder when v(-3) is divided by p?
11
Suppose 0 = r - 3*i - 15, 3*i - 1 = -4. What is the remainder when r is divided by 9?
3
Let w(y) = y + 12. Calculate the remainder when (-4)/4 - (1 + -20) is divided by w(-5).
4
Let x be (-1 + 4 + -3)/1. Suppose x = n - 25 + 13. What is the remainder when n is divided by 2/4*(-28)/(-2)?
5
Let d = 6 - 3. Suppose 4 = 5*q - 4*q. Calculate the remainder when q is divided by d.
1
Suppose -h - 3*y = -0*y + 10, -5*y = 3*h + 14. Let p(i) = 5*i - 3. Let l = -7 - -26. What is the remainder when l is divided by p(h)?
5
Suppose 8 = -b + 4*p + 3, -p = 5*b - 38. Let d(w) = w**2 + 4*w - 4. Let j be d(-5). Suppose 0 = 3*m + j - b. What is the remainder when m is divided by 1?
0
Let n(b) = -b**3 - 22*b**2 + 21*b + 19. What is the remainder when n(-23) is divided by 34?
31
Suppose -5*y + 3 + 2 = 0. What is the remainder when 2 is divided by y?
0
Suppose -5*f = -15, -y + 25 = -2*y + 4*f. Let k = y - -33. What is the remainder when k is divided by 7?
6
Let n(h) = 31*h - 69. Calculate the remainder when n(4) is divided by 19.
17
Let a = -6 - -10. Calculate the remainder when 3/(-3) - (1 + -12 - -3) is divided by a.
3
Let d(t) = -t**2 + 7*t + 26. Calculate the remainder when 29 is divided by d(9).
5
Let f be (6 - 2)/4 + 279. Suppose 4*v = -v + f. What is the remainder when v is divided by 15?
11
Suppose 5*k = -4*j + 45, j + 0*j - 6 = 4*k. Calculate the remainder when 31 is divided by (18 + 2)*4/j.
7
Suppose -6 + 27 = r. Calculate the remainder when (-4 - (-168)/16)/((-2)/(-12)) is divided by r.
18
Let c = 15 + 9. Calculate the remainder when 70 is divided by c.
22
Let y be 1/4 - 309/(-12). Suppose y = 3*q - 133. Let o = q + -27. What is the remainder when o is divided by 14?
12
Suppose -11*l + 12 + 153 = 0. Calculate the remainder when l is divided by 4.
3
Suppose 6 = -2*h, 0 = 2*u - 2*h - 10 - 6. Suppose -5*y = 5*z + 22 - 7, y + u = -3*z. What is the remainder when 6 is divided by (-1 + -3*1)*z?
2
Suppose 3*z + z - 52 = 0. What is the remainder when 38 is divided by z?
12
Let j = -8 - -28. Let p = j - 30. Let b = 15 + p. What is the remainder when b is divided by 3?
2
Suppose 3*g - 40 = 2*g. Calculate the remainder when 159 is divided by g.
39
Let h(s) = 7*s - 4. Let c = 5 + -10. What is the remainder when (1 + (-27)/c)*5 is divided by h(3)?
15
Suppose 0 = -5*i + 3*i + 8. What is the remainder when 87/(i - 1) + -2 is divided by 7?
6
Let v = 8 + -5. Suppose 0 = c - 4 - 4. What is the remainder when c is divided by v?
2
Let l = 157 - 107. Calculate the remainder when l is divided by 13.
11
Suppose -d + 7 = 2. Suppose -d*m + 23 = 4*q - 128, -m + 26 = 5*q. Calculate the remainder when m is divided by 16.
15
Let w(t) = 14*t**3 - 2*t**2 + 3*t - 2. What is the remainder when 22 + (-2)/(-4)*2 is divided by w(1)?
10
Let g(d) = d**2 + 2*d + 3. Let r(w) = -w**2 - 3*w - 4. Let k(f) = 6*g(f) + 5*r(f). Calculate the remainder when k(-4) is divided by 14.
12
Let w(m) = m + 1. Let g(h) = -17*h**2 + 3*h + 1. Let d(b) = -g(b) + 2*w(b). Calculate the remainder when d(1) is divided by 6.
5
Suppose 3*v - 348 = -129. Calculate the remainder when v is divided by 38.
35
Let b(d) = -d**3 - 8*d**2 + 8*d - 5. Let m be b(-9). Let z = 7 + m. Calculate the remainder when 3*31*2/6 is divided by z.
9
Suppose 0*f = f - 288. Calculate the remainder when 28 is divided by ((-1)/2)/((-9)/f).
12
Suppose 0 = 2*n + 6*y - 5*y - 14, 2*n - 2 = 5*y. What is the remainder when 38 is divided by n?
2
Suppose 2*t + 296 = 5*i, -t = i - 5*i + 235. Calculate the remainder when i is divided by 16.
10
Suppose 3*b - 49 = -5*x, 4*b - 3*x + 2*x = 96. Calculate the remainder when 89 is divided by b.
20
Let y = 21 + -3. Calculate the remainder when (0 - -8)*y/8 is divided by 10.
8
Let q = 1 + 10. Calculate the remainder when q is divided by 7.
4
Let u(f) = 2*f**2 + 6*f - 2. Let h(t) be the second derivative of -2*t**3/3 - t**2/2 + t. Let z be h(1). What is the remainder when u(z) is divided by 7?
4
Let s be 616/10 + (-10)/(-25). Let z = s - 24. What is the remainder when z is divided by 20?
18
Let a be 23/((-3)/6*-2). Let o = a - 12. Suppose -x + 2 = -o. What is the remainder when 24 is divided by x?
11
Suppose 0*r + 78 = 2*r. What is the remainder when r is divided by 10?
9
Let i(b) = b**3 + 4*b**2 - 5*b + 4. Let d(g) = 2*g + 11. Let n be d(-8). Let x be i(n). What is the remainder when (-50)/x*24/(-15) is divided by 7?
6
Let v(d) = -d**2 - 11*d + 15. Let s = 63 - 60. Calculate the remainder when v(-12) is divided by s.
0
Suppose 2 = x + 5*o - 9, -27 = 3*x + 3*o. What is the remainder when x/(-3) - (-5)/15 is divided by 2?
1
Suppose -3*r - 2*o = 2*o - 92, 0 = 2*o + 2. Suppose 4*n - r = 8. What is the remainder when n is divided by 6?
4
Suppose 0 = 3*b + 4*u - 74 - 21, -4 = 4*u. What is the remainder when b is divided by 18?
15
Let r be (-8)/20 + 178/(-5). Let f = -13 - r. Suppose -c - 3*c + 48 = 0. What is the remainder when f is divided by c?
11
Let r = -1 - -6. Suppose 0 = 3*f - r*d - 99, -202 = -5*f - 6*d + 2*d. Calculate the remainder when f is divided by 13.
12
Suppose o - 5*o + 324 = 0. Let u = o + -36. Calculate the remainder when u is divided by 16.
13
Let h be (-16)/(-24) - (-97)/3. Let g = h - 55. Let f = g - -47. What is the remainder when f is divided by 7?
4
Let w = -1 + 15. What is the remainder when 53 is divided by w?
11
Suppose -m - h = -2, 4*h - 3 = -3*m + 2. Calculate the remainder when 13 is divided by m.
1
Suppose 0*w = 4*w - 28. Suppose 0 = -2*d - w - 21. Let a = d + 50. What is the remainder when a is divided by 19?
17
Let x be 93/(-12) - (-1)/(-4). What is the remainder when 2 is divided by (x/6)/((-10)/15)?
0
Suppose -v - 2*m + 7*m = 22, -5*v - m = -20. Suppose 5*d = -7 - v. Calculate the remainder when 42 is divided by ((-11)/2)/(d/8).
20
Let f = 91 + 13. What is the remainder when f is divided by 21?
20
What is the remainder when 82 is divided by ((-20)/5)/1 + 25?
19
What is the remainder when (103/2)/(2*5/20) is divided by 35?
33
Suppose u - 16 = -3*a + 6*u, -2 = 4*a + 5*u. Suppose -a*k - 28 = -90. Calculate the remainder when k is divided by (-1)/1 + 11 - -1.
9
Let x(t) = 11*t - 11. Let r(f) = f**3 + 10*f**2 - 2*f - 14. Let u be r(-10). What is the remainder when x(u) is divided by 14?
13
Let s = -24 - -58. What is the remainder when 167 is divided by s?
31
Let n(f) = -30*f + 19. What is the remainder when n(-3) is divided by 38?
33
Suppose 3*j = -2*r + 380, -3*j - 4*r + 240 = -j. What is the remainder when j is divided by 12?
10
Let i(j) = -j**2 + 7*j - 2. Suppose w - 5 = -1. What is the remainder when ((-5)/(-2))/(1/w) is divided by i(6)?
2
Let w = 6 + -6. Suppose 0*s = 3*s - 2*r - 69, -3*s + r + 72 = w. Let o = 9 - 0. What is the remainder when s is divided by o?
7
Let x = 93 + -60. Calculate the remainder when x is divided by 7.
5
Suppose -18 = -3*w + 2*j + 5, 0 = 5*w - 2*j - 33. Suppose 5*y - 5 = -w*h + 55, 5*y - 60 = -3*h. Let p = 35 - y. Calculate the remainder when p is divided by 8.
7
Suppose 185 = 5*r - 90. Calculate the remainder when r is divided by 19.
17
Let a = -11 + 23. Suppose 5*r = 4*r + a. What is the remainder when 23 is divided by r?
11
Suppose 46*u - 237 = 43*u. Calculate the remainder when u is divided by 8.
7
What is the remainder when 84 is divided by ((-20)/5 - (-45 + -1)) + 2?
40
Suppose 0 = 5*n - 5, -4*n = l - 19. Let x = 2 + l. Calculate the remainder when 48 i